hat is the hundreds digit of 14759?
7
What is the units digit of 98479?
9
What is the tens digit of 991?
9
What is the units digit of 448?
8
What is the thousands digit of 1403?
1
What is the thousands digit of 1556?
1
What is the tens digit of 4795?
9
What is the tens digit of 333?
3
What is the hundreds digit of 1160?
1
What is the tens digit of 7168?
6
What is the tens digit of 292?
9
What is the units digit of 61?
1
What is the units digit of 29189?
9
What is the units digit of 593?
3
What is the tens digit of 617?
1
What is the tens digit of 4293?
9
What is the units digit of 1732?
2
What is the tens digit of 64?
6
What is the units digit of 49256?
6
What is the units digit of 1370?
0
What is the hundreds digit of 7012?
0
What is the ten thousands digit of 12208?
1
What is the thousands digit of 8393?
8
What is the tens digit of 29684?
8
What is the thousands digit of 2890?
2
What is the thousands digit of 94435?
4
What is the hundreds digit of 2946?
9
What is the thousands digit of 4360?
4
What is the ten thousands digit of 25071?
2
What is the units digit of 331?
1
What is the units digit of 28053?
3
What is the thousands digit of 8517?
8
What is the thousands digit of 7488?
7
What is the thousands digit of 50642?
0
What is the hundreds digit of 20372?
3
What is the tens digit of 2442?
4
What is the units digit of 3322?
2
What is the units digit of 47996?
6
What is the units digit of 179073?
3
What is the tens digit of 137?
3
What is the units digit of 727?
7
What is the hundreds digit of 6928?
9
What is the hundreds digit of 16504?
5
What is the units digit of 63896?
6
What is the tens digit of 85?
8
What is the hundreds digit of 88027?
0
What is the tens digit of 1634?
3
What is the tens digit of 892?
9
What is the units digit of 9676?
6
What is the tens digit of 3438?
3
What is the tens digit of 6637?
3
What is the hundreds digit of 13770?
7
What is the tens digit of 117083?
8
What is the thousands digit of 30037?
0
What is the thousands digit of 1376?
1
What is the tens digit of 5658?
5
What is the tens digit of 51449?
4
What is the tens digit of 8381?
8
What is the ten thousands digit of 43425?
4
What is the hundreds digit of 9090?
0
What is the hundreds digit of 263?
2
What is the units digit of 2093?
3
What is the units digit of 14392?
2
What is the hundreds digit of 18304?
3
What is the tens digit of 540?
4
What is the units digit of 117?
7
What is the thousands digit of 2114?
2
What is the tens digit of 15909?
0
What is the hundreds digit of 143117?
1
What is the thousands digit of 4096?
4
What is the thousands digit of 53270?
3
What is the thousands digit of 22493?
2
What is the tens digit of 625?
2
What is the hundreds digit of 9753?
7
What is the hundreds digit of 5927?
9
What is the thousands digit of 6476?
6
What is the hundred thousands digit of 184618?
1
What is the units digit of 480?
0
What is the tens digit of 1230?
3
What is the thousands digit of 34436?
4
What is the units digit of 6591?
1
What is the tens digit of 3929?
2
What is the thousands digit of 8621?
8
What is the hundreds digit of 26001?
0
What is the tens digit of 13486?
8
What is the thousands digit of 7469?
7
What is the tens digit of 38087?
8
What is the units digit of 269?
9
What is the hundreds digit of 2844?
8
What is the tens digit of 3278?
7
What is the tens digit of 2847?
4
What is the units digit of 882?
2
What is the hundreds digit of 84130?
1
What is the units digit of 2773?
3
What is the thousands digit of 4795?
4
What is the units digit of 6032?
2
What is the hundreds digit of 5286?
2
What is the tens digit of 11094?
9
What is the tens digit of 26490?
9
What is the tens digit of 5342?
4
What is the tens digit of 26277?
7
What is the tens digit of 452?
5
What is the tens digit of 17526?
2
What is the thousands digit of 1703?
1
What is the units digit of 51075?
5
What is the tens digit of 23431?
3
What is the tens digit of 4703?
0
What is the units digit of 42199?
9
What is the tens digit of 605?
0
What is the hundreds digit of 2784?
7
What is the hundreds digit of 554?
5
What is the thousands digit of 47766?
7
What is the hundreds digit of 749?
7
What is the ten thousands digit of 23935?
2
What is the units digit of 7301?
1
What is the units digit of 837?
7
What is the hundreds digit of 12032?
0
What is the tens digit of 3241?
4
What is the thousands digit of 21170?
1
What is the thousands digit of 1359?
1
What is the hundreds digit of 3908?
9
What is the ten thousands digit of 28553?
2
What is the thousands digit of 25841?
5
What is the hundreds digit of 1266?
2
What is the thousands digit of 10302?
0
What is the units digit of 99788?
8
What is the units digit of 1043?
3
What is the ten thousands digit of 85866?
8
What is the thousands digit of 139792?
9
What is the thousands digit of 28960?
8
What is the tens digit of 355?
5
What is the hundreds digit of 202?
2
What is the units digit of 8850?
0
What is the hundred thousands digit of 172899?
1
What is the units digit of 3451?
1
What is the ten thousands digit of 71493?
7
What is the hundreds digit of 148?
1
What is the hundreds digit of 91584?
5
What is the units digit of 53143?
3
What is the tens digit of 54500?
0
What is the tens digit of 9228?
2
What is the ten thousands digit of 74066?
7
What is the tens digit of 905?
0
What is the units digit of 1420?
0
What is the ten thousands digit of 15746?
1
What is the thousands digit of 1196?
1
What is the units digit of 9985?
5
What is the thousands digit of 3781?
3
What is the units digit of 19581?
1
What is the tens digit of 1874?
7
What is the thousands digit of 2816?
2
What is the hundred thousands digit of 105546?
1
What is the units digit of 1686?
6
What is the units digit of 25406?
6
What is the thousands digit of 4773?
4
What is the ten thousands digit of 33302?
3
What is the tens digit of 1137?
3
What is the units digit of 401?
1
What is the thousands digit of 13937?
3
What is the hundreds digit of 2873?
8
What is the tens digit of 15177?
7
What is the ten thousands digit of 15225?
1
What is the units digit of 51151?
1
What is the hundreds digit of 303?
3
What is the tens digit of 1526?
2
What is the units digit of 3697?
7
What is the tens digit of 1022?
2
What is the units digit of 187?
7
What is the units digit of 8143?
3
What is the units digit of 88212?
2
What is the thousands digit of 65367?
5
What is the thousands digit of 1326?
1
What is the hundreds digit of 38615?
6
What is the units digit of 405?
5
What is the thousands digit of 3862?
3
What is the tens digit of 4857?
5
What is the tens digit of 23613?
1
What is the hundreds digit of 10525?
5
What is the hundreds digit of 17473?
4
What is the thousands digit of 16224?
6
What is the thousands digit of 91896?
1
What is the tens digit of 46124?
2
What is the units digit of 121900?
0
What is the units digit of 232?
2
What is the tens digit of 1600?
0
What is the hundreds digit of 2693?
6
What is the tens digit of 1684?
8
What is the units digit of 9019?
9
What is the hundreds digit of 42358?
3
What is the units digit of 5334?
4
What is the units digit of 4709?
9
What is the units digit of 4368?
8
What is the tens digit of 5509?
0
What is the hundred thousands digit of 138191?
1
What is the thousands digit of 8567?
8
What is the tens digit of 8239?
3
What is the thousands digit of 53629?
3
What is the units digit of 504?
4
What is the units digit of 14359?
9
What is the ten thousands digit of 23649?
2
What is the hundreds digit of 7671?
6
What is the units digit of 5840?
0
What is the units digit of 13086?
6
What is the ten thousands digit of 167025?
6
What is the ten thousands digit of 90251?
9
What is the units digit of 119606?
6
What is the units digit of 134674?
4
What is the units digit of 63998?
8
What is the thousands digit of 4833?
4
What is the thousands digit of 3813?
3
What is the tens digit of 2939?
3
What is the units digit of 2664?
4
What is the units digit of 10402?
2
What is the thousands digit of 40141?
0
What is the tens digit of 453?
5
What is the tens digit of 40?
4
What is the units digit of 5801?
1
What is the thousands digit of 2163?
2
What is the ten thousands digit of 75730?
7
What is the units digit of 2380?
0
What is the hundreds digit of 15113?
1
W